m) = -12*m + 40*m - 409 + 182 - m**2 + 11*m. Give d(7).
-3
Let m(g) = -10*g**3 - 26*g**2 - 27*g + 18. Let j(q) = -3*q**3 - 9*q**2 - 8*q + 7. Let t(y) = 7*j(y) - 2*m(y). Give t(-11).
35
Let d(c) = -98*c + 3 + 4 + c**2 + 102*c. Suppose 3*u + 11 - 2 = 0. What is d(u)?
4
Let b(p) = -p**2 + 5*p - 7. Suppose -2*r - 2*k - 76 = -182, 5*r - 2*k - 244 = 0. Suppose 15*u = 5*u + r. Suppose 3*m = -4*w - 0*m + 26, m + 23 = u*w. Give b(w).
-7
Let j(c) = 12*c. Suppose 4*r + 6 = 50. Let u = 1418 + -1415. Suppose -14*n - u = -r*n. What is j(n)?
-12
Let u = 321 - 319. Let d(y) = -4 + 85*y**2 - 89*y**2 + 3 + u*y. What is d(1)?
-3
Let i(b) = b**3 + 9*b**2 + 16*b - 14. Let l be i(-6). Let u(d) = -d**3 + d**2 + 9*d + 12. Let c be u(l). Let k(n) = n**3 - 5*n**2 - 6*n - 4. Give k(c).
-4
Let k(u) = u + 15. Let x(v) = 2*v + 22. Let r(f) = 7*k(f) - 4*x(f). Give r(15).
2
Let x(o) = -o - 4. Let b = -6125 - -6121. What is x(b)?
0
Let k(d) = 5*d**2 + 2*d - 14. Suppose a + 5*r = -18, -a + 37*r + 14 = 34*r. Calculate k(a).
10
Let y = 6 - -1. Let b(v) = -5*v - 1. Let u(n) = 23*n + 3. Let p(g) = 9*b(g) + 2*u(g). What is p(y)?
4
Let f(m) = m**3 + 7*m**2 - 10*m - 2. Let s(y) = y**2 - 9*y - 32. Let k be s(14). Let q = k + -46. What is f(q)?
14
Let o = -5398 + 5387. Let q(m) = -5*m - 27. Give q(o).
28
Let z(n) = n**2 - 13*n + 46. Let o be (-11 - 119/(-21) - -4)/((-8)/30). Calculate z(o).
6
Let u(y) = 2*y - 42. Let z be u(24). Let s(p) = 4*p - 4*p + 4*p - z*p. Determine s(-8).
16
Let v(z) = z**3 - 4*z**2 - 5*z - 4. Suppose -28 = 4*c - 8. Let s be 9/((-54)/(-60)) + c. Give v(s).
-4
Let f(t) = t**2 - 6. Let u = 158 - 156. Let p be ((-10)/6)/((-3)/(-18)). Let r be 0 + u/p - (-2)/10. Calculate f(r).
-6
Let u be (-12)/(-3)*(-5 - 33/(-6)). Let v(t) = -38*t**2 - t - 26 - 47*t**2 + 134*t**2 - 48*t**u. Calculate v(0).
-26
Let c(k) = 5*k**2 + 2 - k**2 - 4*k - 3*k**2. Let m be (35 - 11)/(4/6). Suppose -35*l = -m*l + 2. Give c(l).
-2
Suppose 3*x - 4 + 7 = 0. Let a be (-2 - 5*x)*26/39. Let k(q) = 8*q - 5*q + 0*q**a + 2*q**2 + 2. Give k(-2).
4
Let c(i) = 22*i**2 - 40*i**2 + 17*i**2. Let h(g) = -5*g**2 - 6*g - 1. Let o(r) = 4*c(r) - h(r). Suppose -2*a = 2*y + 6, -y - 4*a + 2 + 7 = 0. Calculate o(y).
8
Let f(y) = -7*y**3 - 18*y**2 - 22*y - 3. Let s(z) = -3*z**3 - 9*z**2 - 10*z - 2. Let i(w) = -4*f(w) + 9*s(w). Determine i(8).
-86
Let b(v) = -v**3 + 6*v**2 - 2*v - 1. Let j = -10392 - -10398. Determine b(j).
-13
Let g(d) = -d + 8. Let n(h) = -h**2 + 7*h + 4. Suppose 0 = 5*w - 5*a - 15, -5*a = 4*w - a - 44. Let s be n(w). What is g(s)?
4
Let a be (1/(-2))/((-19)/(7714/29)). Let b(x) = 14*x - 34. Give b(a).
64
Suppose -946*g - 40 = -d - 941*g, -16 = 2*g. Let h(o) = -17*o + 73. What is h(d)?
73
Let g(a) = a**3 - 3*a**2 - 2*a. Suppose -b - x = 3*x - 26, -5*x = -5*b + 5. Let l be 0 + (-2)/b - 94/6. Let c be ((l/(-12))/(-1))/((-1)/3). Calculate g(c).
8
Let m(t) = 47*t**3 + 2*t**2 + 28*t + 21. Let n(y) = -55*y**3 - 3*y**2 - 27*y - 21. Let i(r) = 7*m(r) + 6*n(r). Determine i(-8).
5
Let k be 1/(-2)*(-2)/1. Let b(q) = q - 2. Let j(m) = 6*m - 9. Let g(h) = 5*b(h) - j(h). Let n be g(k). Let z(x) = -x**2 + 2*x + 3. Determine z(n).
-5
Suppose 692 = -3*w + 659. Let t(j) = -2*j**3 - 22*j**2 + 16*j + 170. Give t(w).
-6
Let x(o) = -6*o**3 + 71*o**2 - 41*o + 97. Let c(u) = -2*u**3 + u**2 - 2*u - 1. Let d(f) = -2*c(f) + x(f). Determine d(34).
-3
Let w = -3133 - -3136. Let h(q) = -1 - 4*q**3 + 1 + 3*q**3 + 5*q**2 - 2*q. Give h(w).
12
Let u(f) = -f**3 - 5*f**2 + 5*f. Suppose -10*b = 16*b - 260. Let v be (b/(-5)*-2)/(6/(-9)). Calculate u(v).
6
Let b(s) = -7*s + 223. Let u = 21812 + -21784. What is b(u)?
27
Suppose 0 = n - 28 + 33. Let o be (20/(-5) - n)*1. Let w(q) = 9*q**2 + 5*q + 6. Let z(s) = -10*s**2 - 6*s - 7. Let l(a) = 6*w(a) + 5*z(a). Give l(o).
5
Let l(z) be the second derivative of -z**5/20 + 5*z**4/6 - 5*z**3/6 - 7*z**2/2 - 61*z + 1. Calculate l(10).
-57
Suppose -4*v + 16*w = 18*w - 46, -4*v = w - 41. Let i(o) = 4*o - 9*o**2 - o - 7 + o**3 - 4 - 2*o. Calculate i(v).
-2
Let k(p) = -p**3 + 22*p**2 - 94*p + 1. Let u be k(6). Let l(d) = -d**3 + 12*d**2 + 16*d - 48. Give l(u).
-9
Let z(t) be the first derivative of -t**2 - 20*t + 2906. What is z(23)?
-66
Let j = 53 - 51. Let u(h) = -2 + 2*h**2 - 4 - 6*h - 6*h**j + 5*h**2. Give u(6).
-6
Let y(t) = -31*t**3 + 13*t**2 - 28*t + 7. Let v(l) = -52*l**3 + 25*l**2 - 57*l + 13. Let x(w) = -3*v(w) + 5*y(w). Give x(6).
38
Let r(o) = -o**3 + 20*o**2 + 24*o - 58. Suppose -20*f + 25*f - 12*f = -147. What is r(f)?
5
Let a(p) = -77*p - 84*p - 86*p + 2 + 11 + 241*p. What is a(5)?
-17
Let n(u) = 53*u**3 + 15*u**2 + 14*u - 44. Let d(z) = -15*z**3 - 5*z**2 - 4*z + 15. Let t(h) = 7*d(h) + 2*n(h). What is t(4)?
1
Let r(l) = -110*l**2 - 24*l - 21. Let i(n) = -78*n**2 - 17*n - 13. Let k(a) = 7*i(a) - 5*r(a). Determine k(-6).
152
Let i(n) = n**2 - 11*n + 2. Suppose 0*d + 48 = 6*d. Suppose p + 4*l = 2, 3*p - d = l - 2. Let x be ((-1)/(7/14))/(p/(-11)). Calculate i(x).
2
Let d(i) = -i + 14. Let q(f) be the second derivative of -f**3/2 + 23*f**2 + 58*f. Let p be q(13). What is d(p)?
7
Let q(x) = 3*x**3 - 39*x**2 - 2*x + 9. Let t(k) = 7*k**3 - 96*k**2 - 3*k + 17. Let z(j) = 5*q(j) - 2*t(j). Determine z(3).
-1
Let q(m) = 15*m - 16. Let x be q(3). Let d(o) = -19*o**2 + 49*o**2 + 1 - x*o**2 - 12*o. Calculate d(12).
1
Let d = -4005 + 4010. Let x(c) = c**2 + 4*c + 5. Calculate x(d).
50
Let l(j) = -47*j - 164. Let b(z) = 81*z + 327. Let h(x) = -3*b(x) - 5*l(x). Determine h(-19).
-9
Let g(n) = -2*n**2 - 4*n**3 + 10*n + 12*n - 23*n + 11*n**3. Let f(j) = 7*j**2 - 2*j - 2. Let b be f(-1). Suppose -3*l = -3*h - 15, -3*l = b - 19. Give g(h).
-8
Let d(b) be the second derivative of b + b**2 + b**3 + 136 + 1/12*b**4. Give d(-7).
9
Let d(y) = -y**2 + 36*y + 258. Let s be d(42). Let m(h) = -5*h + 23. What is m(s)?
-7
Let a = 4 - 8. Let o(g) be the third derivative of -g**5/60 - g**3/3 + 4*g**2 - 9*g. Let m(u) = 3*u**2 + u + 4. Let w(n) = 2*m(n) + 5*o(n). Determine w(a).
6
Let n(w) = -w**2 - 8*w - 24. Let s be n(-6). Let i(x) be the first derivative of -x**3/3 - 11*x**2/2 - 7*x - 119. Calculate i(s).
-19
Let p(i) = 1. Let j(g) = -g - 1 + 2 + 5. Let a(b) = j(b) - 4*p(b). Let k(n) = 645*n - 2575. Let o be k(4). Calculate a(o).
-3
Let o(a) = -a**3 + a**2 - 10. Let p be 1 + (1 - -7*2). Let l = p - 13. Suppose -5*u - 25 = 3*d, -3*d + 7*d = l*u + 15. Calculate o(d).
-10
Let s(o) = -2*o**3 - 8*o**2 + 9*o - 5. Let g be s(-5). Let d(a) = -a + 5. Determine d(g).
5
Let d(g) be the second derivative of -3*g**5/20 + 8*g**4/3 + 3*g**3/2 + 14*g**2 - 5*g + 128. Give d(11).
6
Suppose -13*m + 6 = -33. Let u(p) = -11*p**3 - 2*p**3 + 3*p**2 + 6*p**2 + p**2 + m + 14*p**3. What is u(-10)?
3
Let a(j) = -j**3 + 19*j**2 + 3*j - 61. Let x be (-28)/8*(-190)/35. Give a(x).
-4
Let w(r) = 39*r - 697 - 693 + 1386. Give w(-1).
-43
Let k(l) = 3*l**2 + 11*l + 10. Let u be k(-7). Suppose 0 = 8*b - u + 8. Let o(z) = -20*z + 5*z**3 - b*z**3 + 19*z - 1. Determine o(-1).
4
Let h be ((-28)/(-70))/(1 + (-464)/465). Suppose h = -6*u + 222. Let v(t) = -t**2 + 7*t + 3. What is v(u)?
9
Let p(k) = k**3 - 23*k**2 + 14*k + 168. Suppose 41 - 151 = -5*m. Let s be p(m). Let q(z) = z**2 + 8*z. Calculate q(s).
0
Let b(f) = 4*f + 1. Suppose -13*d - 61 + 256 = 0. Let z = d - 27. Let u be -3*(-3 - z/3). Calculate b(u).
-11
Let j(k) be the first derivative of k**5/20 + k**4/12 - k**3/6 - 7*k**2 - 59*k + 33. Let r(v) be the first derivative of j(v). Determine r(0).
-14
Suppose -6*z + 3*z = -4*w + 3, 4*w - 13 = 5*z. Suppose 4*c = -1 + 13. Let h(i) = -1 - i - 6 + c. Calculate h(w).
-1
Let b(z) = -z**3 - 2*z**2 + z - 5. Suppose -11*v + 20*v = 36. Suppose v*i - i - 18 = 2*r, 22 = -2*r + 4*i. What is b(r)?
1
Let p(q) = 50*q**3 - 2*q**2 - 12*q - 20. Let y be p(-2). Let b be 1 - (-45)/(-51) - y/34. Let f(s) = 2*s - 7. What is f(b)?
17
Let g(h) = -18*h + 236. Let f be g(13). Let l(v) = -v**2 + 7*v - 6. Let w be l(6). Let t(s) = -2 + w*s**2 + 17*s - 4*s**2 - 24*s + 3*s**f. Determine t(-5).
8
Let n be (-13)/(13/(-4)) - 7*-1. Let l(z) be the third derivative of z**4/12 - 3*z**3/2 + 53*z**2. Give l(n).
13
Let f(d) be the third derivative of -d**6/120 + 2*d**5/15 + d**4/12 - 2*d**3/3 + 1343*d**2. Give f(8).
12
Let i(l) = -4*l - 14. Let a(n) = 2. Let q(x) = -14*a(x) - 2*i(x). Le